se -5*p - w = -d, 2*d = -p + 6*p + 13. Give a(d).
-1
Let h be (-1 + 1)*2/2. Let j(y) = -y + 1 - y + h. Suppose -33*d - 53 = -20. Determine j(d).
3
Let q(g) be the second derivative of g**5/20 + 19*g**4/12 + g**3/6 + 23*g**2/2 - 664*g. Determine q(-19).
4
Let m(n) = -2*n**2 + n. Let c be 1 - ((-35)/(-7) + -7). What is m(c)?
-15
Suppose -5*n + 24 = -9*n. Let v(b) = -b**2 - 7*b - 6. Give v(n).
0
Let s be (51/(-68))/((-2)/8). Suppose s = -3*n, -3*n + 0*n = -5*q + 53. Let l = q - 11. Let g(d) = -d - 2. Give g(l).
-1
Let x be (-2)/15 + (-124)/(-30). Let q(p) = -p**3 + 2*p**2 + 5*p + 5*p**2 - 3 - 5*p**2 + 6. What is q(x)?
-9
Let v(x) = -4*x**2 + 10*x**2 + 0*x**2 - 4*x**2 + 1. Give v(-1).
3
Let j be (-8)/6 - 13/(-3). Let w(h) = -11*h - 5 - 3 + 4 + 8*h. What is w(j)?
-13
Let u(f) = f**2 + 8*f + 3. Let w(q) = 2*q**2 + 32*q + 49. Let n be w(-14). Give u(n).
-4
Suppose 37 - 7 = 5*s. Let a be (-2 - 1)*(-14)/s. Suppose o = 2, 0 = 4*v + 5*o + 3 + a. Let f(k) = -k**2 - 5*k + 4. Give f(v).
4
Suppose 3*s + 3 = 4*p, -5*p = -4*s - 5 + 2. Suppose p*y = 2*h + 5*y + 14, -2*h - 3*y = 17. Let j(o) = -o**3 - 5*o**2 - o + 1. What is j(h)?
-11
Let t(j) = j**3 + 3*j**2 + 3*j - 2. Let m(a) = -2*a + 41. Let w be m(22). Calculate t(w).
-11
Let k(h) = 623*h + 14 - 317*h - 304*h. Give k(-13).
-12
Let x(g) = -g**3 + g**2 + 9*g - 7. Let l be x(3). Let p(v) = v**l + 0*v**2 - 7*v + 0*v**2 + v**2 + 2. Determine p(5).
17
Suppose -q - 2*d + 6*d = 3, 2*d = 5*q - 21. Let v(z) = -2*z**2 + 11*z. What is v(q)?
5
Let r(t) be the first derivative of 3*t**2 + 2*t + 114. Give r(3).
20
Let a(n) = 15*n**3 - 2*n**2 - n + 2. Suppose 1492*c = 1505*c - 13. Calculate a(c).
14
Let w = -11 + 20. Suppose -3*o = -0*o + w. Let i(q) = 8 + q - 2 + 1 + 0. Determine i(o).
4
Let v(g) = -g + 5. Let q be v(3). Suppose -q*i + 5*i = -6. Let o(a) = 5*a. Give o(i).
-10
Suppose -7*j + 66 + 67 = 0. Let x = j + -19. Let f(i) be the first derivative of -i**3/3 - i**2/2 + 3*i - 2. Give f(x).
3
Let q(j) = -3*j + 3. Let a = -142 + 110. Let f be (-20)/(-8)*a/(-20). Calculate q(f).
-9
Let p = 0 - 1. Let y(o) = 16*o**3 + 11*o**2 + 21*o + 19. Let b(q) = -9*q**3 - 5*q**2 - 9*q - 8. Let h(a) = -7*b(a) - 3*y(a). Determine h(p).
-14
Let o(u) = u**3 - 7*u**2 + 6*u - 2. Suppose -96 = 4*n - 120. Determine o(n).
-2
Let f(n) = -2*n - 15 + 9 + 12*n**2 - 8*n**2 + 4 - n. Determine f(-2).
20
Suppose -6*p - 61 + 37 = 0. Let x(u) = -2*u - 1. Determine x(p).
7
Let f(j) = 37 - 2*j - 23 - 18. Let q(o) = -o - 2. Let r(a) = 3*f(a) - 5*q(a). What is r(-2)?
0
Suppose -81*q + 300 = -131*q. Let f(g) = -2*g - 11. Calculate f(q).
1
Let m(n) be the third derivative of 1/60*n**5 + 0*n**4 + 8*n**2 - 2/3*n**3 + 0 + 0*n. Suppose 6*v - 9 = 3*v. What is m(v)?
5
Suppose 43 = 5*i - 3*r, -2*i = i - r - 25. Suppose -h = g - 31, 0 = -2*g + 3*g + 1. Let y(j) = -h*j + 3 + 30*j + 9. Calculate y(i).
-4
Let d be 0/(-4 - (2 + -7)). Let x(l) = -l**3 - l**2 + l. Give x(d).
0
Let u(p) = -2*p**2 + 2*p + 4. Let o(h) = 2*h + 2. Let a(y) = -2*o(y) + u(y). Determine a(-3).
-12
Let v(o) be the second derivative of -o**6/120 + o**5/60 + o**4/12 - 7*o**3/3 + 15*o. Let j(y) be the second derivative of v(y). What is j(3)?
-19
Let l(d) = -d**2 - 5*d + 5. Suppose -v = 4*p - 11, -5*p + 1 = -0*v - 3*v. Suppose 0*a = -2*a - 5*k - 74, a + 36 = -p*k. Let w = a + 28. Give l(w).
9
Let i(h) = h**3 - 5*h**2 - h + 2. Suppose -3*l - a = -4 - 11, -4*l = -4*a - 20. Let t be i(l). Let u(r) = r**3 + 4*r**2 + 2*r. Calculate u(t).
3
Let r(x) = -x**2 + 8*x. Let y(o) = 11*o - 3. Let m be y(-1). Let g(p) = -p + 16. Let k be g(m). Suppose -k = -3*c - 12. What is r(c)?
12
Let i(o) be the second derivative of o**4/3 - o**3 - 175*o. Calculate i(4).
40
Suppose 2*q = 5*d - 135, -3*q - 108 = -2*d - 2*d. Let k(y) = -1 - d*y + 0 + y**3 + 18*y + 4*y**2. Calculate k(-6).
-19
Suppose -10 = -t - t, -3*s - 2*t = -16. Let a(n) = -5 + 0*n - n**s - n + 7*n. Let b = -84 - -88. Give a(b).
3
Let x(v) = -v**3 + 3*v**2 + v - 2. Suppose -d + 3*l + 6 = d, 3 = d + 3*l. Calculate x(d).
1
Let f(x) = x + 2. Let y be f(-3). Let s = 3 + y. Let v(c) = 5*c + 2*c - s - 4*c + 5*c. Calculate v(2).
14
Let h(l) = l**3 - 7*l**2 + 5*l + 2. Suppose 0 = -4*x - 3*j + 13, 12 - 29 = -4*x + j. What is h(x)?
-26
Let v(d) = -2*d**2 + 3*d - 1. Let x be v(1). Suppose -3*a = -x*a + 30. Let f = a - -14. Let k(l) = l**3 - 5*l**2 + 3*l + 1. Give k(f).
-3
Let s(z) = z - 1. Let k = -38 - -82. Suppose 6*w - 20 = -k. Give s(w).
-5
Let g(y) = 2*y - 1. Let l be (1 - -11 - 1)*-1. Suppose -3*d - 2*o = -38, -4*d - 4*o + 58 = -5*o. Let s = d + l. Give g(s).
5
Let r(q) = 4*q - 28. Let b be r(8). Suppose b*v = -a + v + 7, v = -2*a - 6. Let o(z) = -2*z - 7. Determine o(a).
3
Let p(j) = -23*j**2 + 1. Let m(n) = 47*n**2 - 2. Let y(z) = -2*m(z) - 5*p(z). Let o(b) = -2*b**2 + 70*b + 73. Let q be o(36). Calculate y(q).
20
Let b = -27 + 47. Suppose -9*i + 75 = 6*i. Suppose 5*c + b = i*x, 4*x - 2*c - 11 + 1 = 0. Let r(n) = -8*n**3 + 2*n**2 - 2*n + 1. What is r(x)?
-7
Let z be (1 - 6/(-12))*(-2)/3. Let j(y) = 4*y**2 - 2*y - 2. What is j(z)?
4
Suppose -2*a + 19 = 4*j - j, -2*j - 3*a + 16 = 0. Let c(z) = -2*z**2 - 7 + 0*z**3 + z**3 - 2*z**2 - z**2 + 2*z. Determine c(j).
3
Suppose -3*k - 2 = -4*k. Let b(m) = k*m + 11*m**2 + 2 + 2*m**3 - 5*m**2 - 3*m**3 - 7*m. Give b(4).
14
Let q(j) be the second derivative of -5*j**3/6 + j**2/2 + j. Let f = -1649 - -1650. Calculate q(f).
-4
Let k(r) = 2*r - 1. Let z(q) be the second derivative of q + 0 + 0*q**3 + 1/12*q**4 - q**2. Let d be z(2). Give k(d).
3
Suppose -12*r + 114 = 7*r. Let n(p) = p**3 - 5*p**2 - 5*p - 6. Determine n(r).
0
Let c(g) be the second derivative of -2*g**3/3 - 2*g**2 + 3*g + 7. Give c(-7).
24
Suppose -2*h - 7 + 1 = 0. Let o(x) be the second derivative of -x**4/12 - 2*x**3/3 + 7*x. What is o(h)?
3
Let c(m) = 2*m**2 - 2*m + 3. Let s(x) = -5*x**2 + 4*x - 6. Let w(n) = -7*c(n) - 3*s(n). Suppose -2*i + 6 = -2*j, 5*i - 3 = -24*j + 25*j. Determine w(j).
0
Let i(m) = 2*m + 3. Let z(d) = -d**2 - 29*d + 35. Let q be z(-30). Calculate i(q).
13
Let o(l) be the first derivative of -l**3/3 + l**2 + l + 155. Calculate o(-1).
-2
Let q(d) be the first derivative of 1/2*d**2 - 5*d + 19. Calculate q(-5).
-10
Let s(a) be the first derivative of -a**3/3 - a**2/2 - 1. Suppose 4*d - 24 = -4. Let k be ((-64)/20 + 4)*d/(-2). What is s(k)?
-2
Let j(u) be the second derivative of -u**4/12 + u**3 + 5*u**2/2 - 2*u. Let i(v) = 2*v**2 + 4 - 1 + 1 + 0 + 6*v. Let d be i(-3). Give j(d).
13
Let w(s) = s**3 - s**2 + s. Let u(z) = -3*z**3 - 3*z**2 - 5*z - 2. Let b(i) = u(i) + 4*w(i). What is b(7)?
-9
Let z(m) be the second derivative of -25*m**4/12 + 18*m. Calculate z(1).
-25
Let k(c) = -c**2 - 8*c + 3. Let z be (24/18)/(11/(-33)). Give k(z).
19
Suppose -2*c - 4 = -0*c - 5*y, -3*c + 5*y = -4. Let b be -8*(-4)/c*-1. Let n(d) = 3*d + 4. What is n(b)?
-8
Let q(o) = -o**2 + 3*o - 3. Suppose -6*b = -235 + 205. Calculate q(b).
-13
Let h(i) be the first derivative of -32 - i + i**2 - 1/4*i**4 - i**3. Determine h(-4).
7
Suppose -24*p - 1166 = -998. Let t(d) = d - 3*d**2 + 1 + 4*d**2 + 5*d. Calculate t(p).
8
Suppose -5*a + 4*k - 5*k - 556 = 0, 0 = -5*a + 3*k - 572. Let p = a - -121. Let f(x) = -x**2 + 11*x - 1. What is f(p)?
17
Suppose 4*y + 8 = 2*w + 2*y, w - 4*y - 1 = 0. Let p be 2 - 5/(w/(-2)). Let d(i) = i**2 - 6*i + 1. Give d(p).
-7
Let i(a) = -4 + 3*a - 8*a + 22 + 4*a - a. Give i(18).
-18
Let z(j) be the second derivative of -j**3/6 + 25*j**2/2 - 2*j + 14. Calculate z(0).
25
Let l(s) = 26*s + 21*s - 3*s**2 - 7 - 41*s + 2*s**2. Suppose 15 = k + 2*k. Determine l(k).
-2
Let u(s) = -s**3 + 5*s**2 + s + 3. Suppose 2 = -3*a + 4*a. Let q(n) = n**3 + n**2 - 2. Let i be q(a). Suppose 3*f - 2 - 3 = -4*j, 3*j = -5*f - i. Give u(j).
8
Let h(s) = -29*s**3 - s**2 + s + 2. Let v(x) = -6*x**3 + x**2 + 1. Let i(m) = h(m) - 5*v(m). Give i(4).
-31
Let q be -3*((-14)/6 - -2). Let i(b) be the third derivative of -5*b**4/12 - b**3/6 + 49*b**2. What is i(q)?
-11
Let l(w) = -5*w - 3. Let f(n) = 4*n + 2. Let b(k) be the first derivative of k**2 + k + 2. Let t(h) = 10*b(h) - 4*f(h). Let s(v) = 3*l(v) + 4*t(v). Give s(7).
6
Let a be (-2)/12 - 763/(-42). Let n = 22 - a. Let j(u) = -1 + u - n*u - 4*u + u. Determine j(-1).
5
Let u(b) = b**2 + b. Let r be u(1). Suppose 3 - 17 = -r*p. 